+ 1 + (-7 + 7 - 7)?
-6
What is 2 + (-2 - (-4 - -7) - 1)?
-4
What is the value of 4 - (2 + -3 - (-12 - -5))?
-2
2 + (-3 - -1) + (-6 - -5)
-1
Evaluate 1 - (-3 + (0 - 0)).
4
What is the value of (6 - -1) + 22 + -24?
5
What is the value of -8 + (11 + -8 - -4)?
-1
What is the value of 4 + -3 + (0 - 3)?
-2
Evaluate -12 - -23 - (-2 - -5).
8
Calculate 2 + -1 + 2 + 0.
3
What is the value of -17 + 14 + 2 + -2?
-3
Evaluate -3 - (-4 + 3 + 0 + -1).
-1
What is 1 - ((1 - 0) + -13 + 13)?
0
Calculate (1 - 8) + 14 + -11.
-4
8 - (2 - ((-4 - -2) + 3))
7
-2 + (-1 - -4) + -1 + 3
3
What is the value of 2 - (5 + 3 + -11)?
5
What is 3 + -2 + -3 + 7?
5
What is the value of -30 + 25 + (0 - -2)?
-3
What is -6 + 0 - (-4 - -1)?
-3
Calculate 0 + -3 + (2 - 1) + 3.
1
What is (1 - (1 + 3)) + -1?
-4
-2 - ((-1 + -3 - -3) + 1)
-2
What is the value of (-5 - -9) + 4 + -6?
2
What is -4 + (2 - 1) + 4 + -2?
-1
What is the value of 1 + -1 + (8 - (-4 - -7))?
5
Evaluate 5 + -1 + -1 - 7.
-4
Evaluate (-1 - (0 - 11)) + -2.
8
What is 12 + -16 - (-2 + -4 + -2)?
4
-5 - (-3 + 5 - 7)
0
What is the value of (-9 - (-28 - -12)) + 1 + -5?
3
What is the value of -6 - (-10 + 3) - 1?
0
Evaluate 2 - -2 - 2 - 4.
-2
What is the value of -2 - (3 - (-1 + 7))?
1
Evaluate (5 + -4 - -4 - 0) + -1.
4
Evaluate (6 - -2) + -16 - -16.
8
What is (39 - 47) + -4 + (9 - 1)?
-4
Calculate -1 + (1 - -6 - 4).
2
What is the value of 8 + -4 + -10 - -3?
-3
Calculate (4 - 1) + -28 + 21.
-4
What is (4 - 5) + 4 + 0?
3
What is the value of 8 - ((3 - -3) + (-4 - 2))?
8
(-4 - (-5 + -2) - 8) + 1
-4
Evaluate -5 + -8 + -6 + 14.
-5
What is (5 - (3 + -5 - -4)) + 0?
3
What is the value of (6 + (5 - 6) - -2) + 1?
8
Calculate -4 - (4 - 2) - (2 + -5).
-3
What is 1 - (-5 + 1 - 1 - -13)?
-7
Evaluate -3 + (2 - 0 - 3 - -7).
3
0 + (-3 - -2) + -2
-3
Calculate -4 - (-7 + 3 + 0).
0
3 - (3 + 0 + (-8 - -7))
1
What is the value of -2 + 9 + -2 + 0?
5
What is (-5 - -9) + (-3 - 3)?
-2
Calculate (14 - (9 + -7) - 7) + 1.
6
What is -12 + 4 + 1 + -2 + 14?
5
Evaluate (1 - -5 - (1 + 1)) + -1.
3
Calculate -2 - (-4 - (-2 + 3)).
3
Evaluate (-1 - -6) + -5 - 4.
-4
(3 - 2) + 8 + 1 + -6
4
Calculate -8 - -12 - (0 - -1).
3
Evaluate -7 - 0 - (-16 + 12).
-3
Calculate (10 - 9) + (-3 - -2).
0
-53 + 48 - (-3 - -1)
-3
Calculate 134 + -128 - (10 + 1).
-5
Evaluate (1 - (10 + -12)) + -2.
1
Calculate 2 + (-6 - (-11 - -3)).
4
Evaluate -1 + 5 - (-12 - -18).
-2
Evaluate 3 + (3 - 8 - 0 - -2).
0
Calculate 0 - (-6 - (-3 + 4 + -2)).
5
What is the value of -14 + 7 - (-13 + 0 - 2)?
8
What is the value of -9 + -8 + 1 + 22?
6
Calculate -5 - (8 + -5 + -3).
-5
Evaluate 7 + 4 + -8 - 4.
-1
Evaluate -1 + 6 - (0 + 4) - 6.
-5
What is -3 + (6 - 2) - -3?
4
Calculate -1 + -2 - (22 - 21).
-4
What is -3 - (5 + -16 + 5 + -1)?
4
2 - (2 + 0) - (3 + -2)
-1
Evaluate (4 - 2) + -1 + -1.
0
What is -2 + 2 + -1 + -1?
-2
What is (4 - (-4 - -3)) + -9?
-4
Evaluate -2 + 4 + (7 - 22) + 8.
-5
What is the value of 1 + -2 + (-4 - (-1 + -5))?
1
Calculate 5 + 7 - (2 + 2).
8
What is the value of 0 + -5 + 6 - -4?
5
What is the value of -3 + (-7 - -4 - -3)?
-3
Calculate (-3 - -7) + -1 + -5.
-2
What is -6 - 0 - (5 + -25 + 16)?
-2
What is -13 - (-20 + 9 + 4 - -3)?
-9
What is the value of 7 - (-15 - (-4 + -14))?
4
Evaluate (3 - 4) + (1 - 5) + 3.
-2
-1 - (-2 - 0) - -1
2
-4 + (1 - -6) + 2
5
Evaluate (57 - 41) + -8 + 1.
9
What is -14 - (-2 + -5 + -7)?
0
Calculate (-3 - 1) + 6 + (-4 - -6).
4
What is 15 + (-8 - (7 + -4)) + 4?
8
4 + (-9 - -5) + (-2 - -8)
6
Evaluate -2 + 4 + -3 + (7 - 3).
3
Evaluate -9 + 9 + -6 + 5.
-1
What is -6 + (-4 + 16 - 1)?
5
What is 20 + -21 - (0 + 2)?
-3
Calculate 6 - (-7 - -7 - -13).
-7
Calculate 2 + -1 + 6 + 5 + -8.
4
Evaluate -8 - (-9 + 6) - -9.
4
1 + (-8 - -5 - -5)
3
Evaluate (1 - (2 + (-3 - -1))) + 0.
1
What is -5 + 0 + (-3 - -9 - 2)?
-1
What is the value of -13 - (-8 + -6 + 7)?
-6
Evaluate -6 + 1 + (63 - 61).
-3
What is the value of -18 + 14 - (-1 - 4)?
1
What is 10 + (8 - 11) + -8?
-1
Evaluate 1 - -1 - (74 + -81).
9
What is 6 + -4 + (6 - 13)?
-5
What is the value of -1 + -5 + -13 + 10?
-9
0 + -3 + 5 - -3
5
(-1 - 0) + -2 + 2
-1
-5 + (3 - 1) + 1
-2
What is 6 + 0 + -3 + -1 + -4?
-2
-24 + 12 + (5 - -2 - 1)
-6
Calculate -33 + 32 - (1 + -2 + -2).
2
Evaluate 69 + -67 - ((1 - -5) + -1).
-3
Calculate (2 - 4) + (-1 - -2).
-1
Calculate 3 - -1 - (25 + -26).
5
What is the value of (-4 - -2 - -8) + -6?
0
What is -2 + 2 - (-5 - (5 - 5))?
5
Calculate -3 + 5 - 2 - (21 - 23).
2
Evaluate (-4 - 4) + (1 - 2 - -9).
0
-18 - (2 + 1 - 14)
-7
What is -3 + -2 - (-22 - -22) - -8?
3
What is the value of (-2 - -1) + (-2 - -3)?
0
What is the value of 0 - 4 - ((-2 - 0) + 1)?
-3
Calculate -3 - 0 - (2 - 0).
-5
Evaluate 6 + 5 + -8 + (-2 - -1).
2
9 - (4 - (-1 + 0))
4
Evaluate -16 - -5 - -8 - -2.
-1
Calculate (-15 - (5 + -8)) + 11.
-1
Calculate 7 + (-7 - -3) - 1 - -1.
3
Calculate (-5 - -3 - 1) + 0 + -2.
-5
What is the value of -3 - ((7 - 6) + -3)?
-1
What is the value of 1 - ((4 - 6) + -1)?
4
What is the value of -12 + 12 - (6 - 2)?
-4
Calculate 2 + (-1 - (0 + 3)).
-2
Calculate -2 + (-1 - -3) - 4.
-4
What is -4 - -4 - (2 - 4)?
2
(1 - -3) + -2 + -2 + 3
3
What is the value of -4 + (-1 - -1) + 9 + -5?
0
What is (-10 - -6) + 8 + -4 - 1?
-1
What is the value of -3 - (-3 - -4) - -2?
-2
Calculate -5 - (4 + (-14 - -5)).
0
3 - (-2 + -1 + (-2 - -3))
5
Evaluate (-3 - (9 + -4 - 6)) + 6.
4
Calculate -1 + (-4 - (-11 + -2) - 3).
5
(10 - 8) + 9 + -5
6
Calculate (-1 - -1) + -4 - (-9 - 0).
5
Evaluate -2 + (9 - 4) - (0 + 0).
3
Evaluate 6 + (-9 - 5) + 1 - 2.
-9
Evaluate -10 - (-7 + -1 + 1 + 2).
-5
-3 + (1 - 1) + 37 + -33
1
What is the value of -1 + (3 - 5) + 4?
1
What is the value of (-2 - 1) + 4 + -2 + 1?
0
What is the value of -8 - (-3 + 2 + 0 + -2)?
-5
Evaluate -9 + 8 + 1 + 4.
4
Calculate -21 + 10 + 6 - (-1 - 0).
-4
What is the value of 1 - (10 + -5) - (7 - 2)?
-9
-6 - (1 + 3) - -7
-3
What is 1 + -4 + 0 - (-7 + 4)?
0
Calculate -4 - -4 - (-2 - 1).
3
(2 - 14) + 3 - -8
-1
What is the value of 6 + -3 + (-9 - -9) + 7?
10
Calculate -1 + (-10 - (-14 - -8)) + 16.
11
Evaluate -6 + -8 + (25 - 7).
4
What is -1 + 1 - (-5 + 3)?
2
Calculate 0 + (-12 - -4) - (-3 - 1).
-4
Calculate 8 - (1 + -7 - -9 - 1).
6
Calculate -6 + (-1 + 5 - -1).
-1
Evaluate 12 + -12 + 8 - (-2 - -5).
5
What is the value of 2 - (0 + 1) - 3?
-2
What is the value of 0 - (-3 - (0 + -5))?
-2
Calculate -1 + (-5 - -3) + 6.
3
9 + -25 + 10 - (0 - 7)
1
Calculate 6 - (-3 + 7 - -3).
-1
Evaluate -2 + 1 + -5 + (0 - -1).
-5
(0 - 2) + (-7 + 9 - 6)
-6
What is 5 - (-2 + 0 + 3)?
4
Calculate -3 + -1 + (3 - 2 - -1).
-2
What is the value of -6 + (-8 - (-26 + 5 + 3))?
4
1 - 2 - -3 - (6 + -4)
0
What is the value of 1 - 6 - (4 + (4 - 9))?
-4
What is -2 + -9 + (-8 - -3) + 9?
-7
Evaluate -12 - -7 - (-8 + 4).
-1
4 + (-10 - -16) - (4 - 0)
6
What is -70 + 65 - (1 + 2)?
-8
What is -1 - -2 - (14 - (-9 + 21))?
-1
3 + (-3 - -5) + -3
2
What is the value of 0 + -1 - (1 - 2)?
0
What is 1 - (-22 + 20 + (-1 - -4))?
0
Evaluate 7 - 11 - (-3 - (4 - -1)).
4
Calculate (0 - -1) + 3 + -4 - -2.
2
What is -8 + 15 + 12 + -12?
7
-3 + 3 - (5 - 4) - -3
2
What is the value of (12 - (7 - (4 - 0))) + -4?
5
What is the value of 3 + -13 + 16 + -11?
-5
What is -3 + 1 + 3 + (12 - 13)?
0
Calculate (-5 - -3) + (-3 - -1) - 1.
-5
What is (3 + -7 - -8) + (0 - 2)?
2
1 + 1 + 0 - 7
-5
1 + (-4 + 9 - 1) + -2
3
5 - (-3 + 6 + 3 + 0)
-1
What is the value of 14 + (-5 - (8 - 7))?
8
Evaluate -1 + 3 + 0 - 3.
-1
Evaluate 1 + -1 - (0 + (3 - 2)).
-1
3 + (-2 - (-10 + 5))
6
Calculate -2 + 10 + -12 + (-3 - -2).
-5
Evaluate -1 + (4 - 1) + -21 + 14.
-5
-6 + (-7 - -3 - -11)
1
What is the value of -7 - (-6 + (6 - 6))?
-1
Evaluate (41 - 37) + 1 + 1.
6
What is the value of -1 + -2 - (-2 + 0) - -4?
3
(1 - 5 - 2) + 2
-4
Evaluate 1 + 0 - (-2 + 7).
-4
Calculate -3 + (0 - (-2 + 3)).
-4
Calculate -1 + 2 + -2 + -3.
-4
3 - -2 - (-2 + (5 - -5))
-3
What is the value of -2 + (4 - 1 - (4 - 2))?
-1
Evaluate 3 + (3 - -3) + -4 + -8.
-3
Calculate 3 - ((-4 + 2 - 0) + 5).
0
Calculate (14 - 8) + 4 + -7.
3
4 + (3 - (6 - 2))
3
Evaluate (-1 - 2) + (0 - 2).
-5
3 - (2 - (0 - (5 - 1)))
-3
What is the value of 12 + -43 + 50 + -1 + -12?
6
Evaluate -3 - (1 - 0 - (-5 - -12)).
3
What is -2 - (-3 - -8 - 5 - -1)?
-3
What is (3 - (-3 - (-3 + 2))) + -4?
1
Evaluate -50 - -45 - (0 - 10).
5
Calculate -1 + 4 + -3 + 4 